 and b.
2
Let t = 20 - 6. Suppose t = h - 6. Calculate the highest common factor of h and 80.
20
Let c = 224 - 218. Let w = -8 + 50. What is the greatest common divisor of c and w?
6
Let b(p) = p - 2. Let q be b(6). Suppose -q*i - 33 + 101 = 0. Let a be ((-17)/2)/((-7)/14). Calculate the greatest common divisor of i and a.
17
Suppose 0 = -4*l + 213 + 47. What is the highest common factor of 13 and l?
13
Suppose 2*z = -8, -3*y + 1 + 1 = z. Let a be (-18)/(-14) - 6/21. What is the highest common factor of a and y?
1
Let o = 110 + -182. Let t = -24 - o. Calculate the highest common factor of t and 6.
6
Let j be -4*6/(-32)*116. Calculate the highest common divisor of 58 and j.
29
Let q be 6/15 + 3/5. Let m(t) = 28*t. Let a be m(q). What is the greatest common divisor of 7 and a?
7
Suppose x = -3*x + 16. Suppose s = -x*s + 225. Calculate the greatest common factor of 30 and s.
15
Let s(v) = 13*v - 9. Let w be s(5). Calculate the greatest common factor of w and 8.
8
Suppose 0 = -4*m + 116 + 360. Calculate the greatest common factor of m and 7.
7
Let w be 7/(-42) - (-541)/6. What is the greatest common factor of w and 36?
18
Let v(t) = t**2 + t + 136. Let o be v(0). Suppose 5*y - 39 = o. Let n = y + -24. Calculate the highest common divisor of 22 and n.
11
Let a(t) = t**2 - t - 6. Let j be a(-5). Let y be (4 + -1)/18 - 718/(-12). What is the highest common divisor of j and y?
12
Let h be 50/30 + (-115)/(-3). Calculate the greatest common divisor of h and 16.
8
Let r be -2 + 0 + (1 - 3). Let g = 0 - r. Suppose -g*q + 2*q - 24 = -5*w, 4*q = -4*w + 8. Calculate the highest common factor of 16 and w.
4
Let a(v) be the third derivative of v**6/120 + v**5/12 - v**4/4 + 7*v**3/6 - 2*v**2. Let x be a(-6). What is the greatest common factor of 63 and x?
7
Let b be (6 + -1)*(-4)/(-10). Suppose b*w + 4*g = -2 - 2, -4 = -4*g. Let a(u) = u**2 - 4. Let o be a(w). What is the highest common divisor of 18 and o?
6
Let j(h) = -5*h - 12. Let a be j(-8). Calculate the greatest common divisor of 4 and a.
4
Suppose 2*k = 0, -3*k - 48 = -2*m - m. Let i be (-9 - 1) + 0/2. Let s be ((-8)/i)/(2/120). What is the highest common factor of s and m?
16
Let w(r) = -7*r + 7. Let d(o) = 2*o - 5*o**2 - 4*o + 0*o - o**3 + 2. Let g be d(-4). Let z be w(g). Calculate the greatest common divisor of z and 7.
7
Let s(a) = 2*a**2 - 3*a - 26. Let h be s(5). What is the highest common divisor of 81 and h?
9
Let m be (-5 - -1)/((-4)/(-6)). Let p(h) = -2*h - 8. Let y be p(m). Let w = 13 - y. Calculate the highest common factor of 72 and w.
9
Let k = -115 - -129. What is the highest common factor of 14 and k?
14
Let d = 2 - 0. Suppose v = -v + d. Let m(b) = 12*b**2 - 2*b + 1. Let h be m(v). What is the greatest common factor of h and 11?
11
Suppose -12 = -f + 3*f - 4*y, f + 2*y = 6. Suppose f = -q - 3*q + 80. What is the greatest common factor of q and 30?
10
Let m(r) = r + 13. Let c be m(5). What is the highest common divisor of c and 2?
2
Let w = 6 + 8. Calculate the greatest common factor of 21 and w.
7
Let l(d) = d**3 + 13*d**2 + 13*d + 18. Let m be l(-12). Let w = 14 - m. Calculate the highest common divisor of 72 and w.
8
Let h be 0 + (-4)/10 + 855/75. Calculate the highest common divisor of h and 143.
11
Let v(p) = -2*p - 3. Let q be v(-4). Suppose 2*x + 4*u = 5*u + 31, 2*x + q*u - 37 = 0. Calculate the greatest common divisor of 24 and x.
8
Let n = -2 - -3. Suppose 2*x + k - 8 - n = 0, 4*k = 4*x - 36. Suppose 8 = x*f - 2*f. What is the greatest common divisor of 2 and f?
2
Let a = 49 + -44. Let l = -59 - -104. Calculate the highest common divisor of a and l.
5
Let y(s) = -20*s - 18. Let o(n) = 13*n + 12. Let b(q) = -7*o(q) - 5*y(q). Let m be b(6). Calculate the highest common divisor of 12 and m.
12
Let p be (1 + (-8 - -1))*8/(-3). What is the highest common factor of 144 and p?
16
Suppose -46 = -5*c - 16. Suppose -9 = -3*h + c. Suppose b - 1 = 0, -a - 833 = -h*a + 3*b. Calculate the highest common factor of 19 and a.
19
Let j(h) = h**3 - 6*h**2 - 5*h - 1. Suppose 0*z = -z + 14. Suppose -z = -b - b. Let s be j(b). Calculate the greatest common factor of s and 13.
13
Suppose -69*k - 112 = -71*k. Calculate the greatest common factor of k and 32.
8
Let z(j) = -j**2 - 9*j - 2. Suppose -3 + 11 = -2*s. Let c be z(s). What is the greatest common divisor of c and 9?
9
Let r = 10 + -3. Suppose 3*w + t - 79 - 25 = 0, -5*w = 5*t - 170. What is the greatest common factor of w and r?
7
Suppose -4*h = -2*q - 118, 5*h + 2*q - 159 = 11. What is the greatest common factor of h and 224?
32
Suppose -6*z + 8*z = 126. Suppose -2*g + 0 = -8. Suppose -g*o + 21 = -o. What is the highest common divisor of o and z?
7
Suppose 0 = -6*t + t + 340. Suppose 4*r + 0*r = t. Let g = -8 + r. Calculate the greatest common factor of 63 and g.
9
Let l(h) be the first derivative of -h**4/2 - 2*h**3/3 + h**2 + 3. Let u be l(-2). What is the highest common factor of u and 8?
4
Let u = 23 + -7. What is the highest common factor of 8 and u?
8
Suppose 4 = 2*n - 10. Suppose 5*c - 3 - n = 0. Calculate the highest common factor of 16 and c.
2
Suppose 3*z - 532 = -172. Let k be (-2)/(-1)*(-30)/(-4). What is the highest common factor of z and k?
15
Suppose 10 = 4*x + x. Let v(p) = -p + 12. Let a be v(10). Calculate the highest common factor of a and x.
2
Let f be (-1*6 + 1)*-1. Suppose f = -x + 6*x. Let k(d) = 3*d**3 + d**2 + d - 1. Let a be k(x). Calculate the greatest common divisor of 8 and a.
4
Suppose 7*a - 1419 = 2*a + m, 1140 = 4*a + 4*m. Let l = a - 137. Calculate the highest common divisor of 21 and l.
21
Suppose 2*j - 29 - 13 = 0. What is the greatest common factor of j and 21?
21
Let k be 1/(1/2) - -12. Let m be 0/(2/(2 + 0)). Let y be 28/(m - 1/(-2)). What is the highest common factor of k and y?
14
Suppose 0 = -3*r + 4*r. Let u(l) be the first derivative of l**4/4 + l**3/3 + 5*l - 1. Let f be u(r). Calculate the highest common divisor of 55 and f.
5
Suppose -a = w - 339, 4*a + 1374 = 4*w - a. Calculate the highest common factor of w and 31.
31
Suppose 5*b = -12 - 323. Let v = b - -147. What is the greatest common divisor of 32 and v?
16
Suppose 31 = -p + 108. Calculate the greatest common factor of 11 and p.
11
Let g = 7 - -6. Calculate the greatest common factor of g and 65.
13
Let i = -24 + 44. Suppose -2 = 2*r - 8. Suppose -r*m + k = -88, m = 4*k + 18 + 4. Calculate the greatest common factor of m and i.
10
Suppose -2*l = -t + 33 + 13, 5*t = -l + 219. What is the highest common divisor of 4 and t?
4
Let f = -10 + 30. Let g = 5 - 4. Let p(b) = 61*b**2 - b. Let q be p(g). What is the highest common factor of f and q?
20
Let t(x) = 2*x**2 + 3*x + 9. Let f be t(-6). Suppose -o - 2*b + 11 = 0, 4*b - b = -o + 13. What is the greatest common factor of f and o?
7
Let s(o) = 6*o + 8. Let y be s(8). Suppose 0*v + y = 4*v. Calculate the highest common divisor of 35 and v.
7
Let q(m) = -m**2 - 12*m + 4*m**2 - 5 + 17. Let s be q(11). Calculate the greatest common factor of 27 and s.
27
Let n = 366 - 258. Calculate the greatest common divisor of 72 and n.
36
Suppose -5*a = -3*a - 22. Let m be (a - (2 + -1))/2. Let d = -88 - -133. Calculate the greatest common divisor of m and d.
5
Let m(u) = 2*u**3 - 3*u**2 - u + 1. Let a be m(5). Let n = a - 107. Calculate the greatest common divisor of n and 8.
8
Let u = 17 - 1. What is the greatest common divisor of u and 48?
16
Let a(d) = d**3 - d**2 - 4*d + 2. Let g be a(3). What is the highest common factor of g and 88?
8
Let q be ((-9)/(-5))/((-9)/(-495)). Calculate the greatest common factor of q and 11.
11
Let a(u) = -u + 1. Let d be a(1). Let p = 35 - d. Let v be (-2)/(-5)*(-280)/(-16). Calculate the highest common factor of p and v.
7
Let j = 30 + 0. Calculate the highest common divisor of j and 10.
10
Suppose 213 = 2*x + w, -7*x = -2*x - 5*w - 510. What is the greatest common factor of 42 and x?
21
Let k = 11 + -7. Suppose 0 = -2*m - 0*m + k. Let y be ((-11)/((-11)/30))/m. Calculate the highest common factor of 6 and y.
3
Let o(w) = w - 3. Let l be o(5). Suppose 2*v + 0 = -l. Let j be 2*(v - 33/(-6)). What is the greatest common divisor of j and 9?
9
Let a be 6/18*(1 + -1). Let k = 10 + a. Calculate the greatest common divisor of 30 and k.
10
Let j = 160 + -51. Suppose 2*f = 5*g - j